{"id":365,"date":"2024-11-29T17:56:03","date_gmt":"2024-11-29T17:56:03","guid":{"rendered":"http:\/\/hkbricool.com\/product\/eterna-long-dress-black\/"},"modified":"2024-12-15T09:52:15","modified_gmt":"2024-12-15T09:52:15","slug":"eterna-long-dress-black","status":"publish","type":"product","link":"https:\/\/hkbricool.com\/%d8%a7%d9%84%d8%b1%d8%a6%d9%8a%d8%b3%d9%8a%d8%a9\/shop\/product\/eterna-long-dress-black\/","title":{"rendered":"WORCRAFT Perceuse \u00e0 percussion 1050W 13mm ID-1050"},"content":{"rendered":"<p>&nbsp;<\/p>\n<p><strong>La perceuse \u00e0 percussion WORCRAFT ID-1050 est un outil polyvalent qui rend de tr\u00e8s bons<\/strong><br \/>\n<strong>services aux bricoleurs lors de travaux partout dans la maison, l&#8217;atelier et le garage.<\/strong><br \/>\n<strong>Avec sa fonction de per\u00e7age et d&#8217;inversion, la perceuse est une aide pr\u00e9cieuse dans <\/strong><br \/>\n<strong>de nombreux projets.<\/strong><br \/>\n<strong>La conception ergonomique et bien \u00e9quilibr\u00e9e est dot\u00e9e d&#8217;une poign\u00e9e caoutchout\u00e9e pour<\/strong><br \/>\n<strong>plus de confort et de contr\u00f4le, r\u00e9duisant ainsi la fatigue de l&#8217;op\u00e9rateur.<\/strong><br \/>\n<strong>Equip\u00e9 d&#8217;un puissant r\u00e9ducteur dans un bo\u00eetier robuste en magn\u00e9sium, et con\u00e7u pour <\/strong><br \/>\n<strong>le per\u00e7age efficace et pr\u00e9cis des trous de grand diam\u00e8tre.<\/strong><br \/>\n<strong>La fonction marteau perforateur et perceuse peut \u00eatre activ\u00e9e \u00e0 votre guise lorsque <\/strong><br \/>\n<strong>vous percez du bois, des t\u00f4les ou \u00e0 travers de la brique et de la ma\u00e7onnerie.<\/strong><br \/>\n<strong>La vitesse peut \u00eatre pr\u00e9s\u00e9lectionn\u00e9e et r\u00e9gl\u00e9e avec pr\u00e9cision \u00e0 l&#8217;aide des commandes <\/strong><br \/>\n<strong>\u00e9lectroniques int\u00e9gr\u00e9es, notamment lorsque vous souhaitez l&#8217;utiliser occasionnellement <\/strong><br \/>\n<strong>comme tournevis.<\/strong><br \/>\n<strong>La but\u00e9e de profondeur de per\u00e7age r\u00e9glable en m\u00e9tal garantit des profondeurs de per\u00e7age<\/strong><br \/>\n<strong>exactes et r\u00e9p\u00e9t\u00e9es.<\/strong><br \/>\n<strong>La poign\u00e9e ergonomique souple permet \u00e0 l&#8217;utilisateur de tenir la perceuse en toute s\u00e9curit\u00e9<\/strong><br \/>\n<strong>sans effort.<\/strong><br \/>\n<strong>La poign\u00e9e auxiliaire en aluminium avec fonction anti-vibration rend votre travail<\/strong><br \/>\n<strong>plus facile et plus confortable.<\/strong><br \/>\n<strong>L&#8217;interrupteur marche\/arr\u00eat peut \u00eatre verrouill\u00e9 pour un fonctionnement continu.<\/strong><\/p>\n<p>&nbsp;<\/p>\n<p><strong>COMPREND : 1 poign\u00e9e auxiliaire, 1 but\u00e9e de profondeur, 1 cl\u00e9 de mandrin, 1 manuel<\/strong><br \/>\n<strong>d&#8217;instructions<\/strong><br \/>\n<strong>Tension nominale<\/strong><br \/>\n<strong>230 V ~ 50 Hz<\/strong><\/p>\n<p><strong>La puissance d\u2019entr\u00e9e<\/strong><br \/>\n<strong>1050W<\/strong><\/p>\n<p><strong>Pas de vitesse de chargement<\/strong><br \/>\n<strong>0 ~ 3000 tr \/ min<\/strong><\/p>\n<p><strong>Impact rate<\/strong><br \/>\n<strong>0-48000 bpm<\/strong><\/p>\n<p><strong>Chuck Max. diam\u00e8tre<\/strong><br \/>\n<strong>\u03a613mm<\/strong><\/p>\n<p><strong>Max. capacit\u00e9 de forage<\/strong><br \/>\n<strong>bois: 20 mm<\/strong><br \/>\n<strong>acier: 10 mm<\/strong><br \/>\n<strong>b\u00e9ton: 13 mm<\/strong><\/p>\n<p><strong>Dimensions:<\/strong><br \/>\n<strong>32,5x24x8,5 mm<\/strong><\/p>\n<p><strong>Poids<\/strong><br \/>\n<strong>1.48 Kg<\/strong><\/p>\n<p><strong>HKBRICOOL le premier magasin de vente d\u2019outillage professionnel en Algerie<\/strong><\/p>\n<p>&nbsp;<\/p>\n<p>&nbsp;<\/p>\n","protected":false},"excerpt":{"rendered":"<p>&nbsp; La perceuse \u00e0 percussion WORCRAFT ID-1050 est un outil polyvalent qui rend de tr\u00e8s bons services aux bricoleurs lors de travaux partout dans la maison, l&#8217;atelier et le garage. Avec sa fonction de per\u00e7age et d&#8217;inversion, la perceuse est une aide pr\u00e9cieuse dans de nombreux projets. La conception ergonomique et bien \u00e9quilibr\u00e9e est dot\u00e9e [&hellip;]<\/p>\n","protected":false},"featured_media":2015,"comment_status":"open","ping_status":"closed","template":"","meta":{"_uag_custom_page_level_css":""},"product_brand":[],"product_cat":[25],"product_tag":[],"class_list":{"0":"post-365","1":"product","2":"type-product","3":"status-publish","4":"has-post-thumbnail","6":"product_cat-worcraft-power-tools","8":"first","9":"instock","10":"sale","11":"shipping-taxable","12":"purchasable","13":"product-type-simple"},"aioseo_notices":[],"uagb_featured_image_src":{"full":["https:\/\/hkbricool.com\/wp-content\/uploads\/2024\/11\/ID-900-2web.webp",600,600,false],"thumbnail":["https:\/\/hkbricool.com\/wp-content\/uploads\/2024\/11\/ID-900-2web-150x150.webp",150,150,true],"medium":["https:\/\/hkbricool.com\/wp-content\/uploads\/2024\/11\/ID-900-2web-300x300.webp",300,300,true],"medium_large":["https:\/\/hkbricool.com\/wp-content\/uploads\/2024\/11\/ID-900-2web.webp",600,600,false],"large":["https:\/\/hkbricool.com\/wp-content\/uploads\/2024\/11\/ID-900-2web.webp",600,600,false],"1536x1536":["https:\/\/hkbricool.com\/wp-content\/uploads\/2024\/11\/ID-900-2web.webp",600,600,false],"2048x2048":["https:\/\/hkbricool.com\/wp-content\/uploads\/2024\/11\/ID-900-2web.webp",600,600,false],"post-thumbnail":["https:\/\/hkbricool.com\/wp-content\/uploads\/2024\/11\/ID-900-2web.webp",540,540,false],"hanout_item":["https:\/\/hkbricool.com\/wp-content\/uploads\/2024\/11\/ID-900-2web.webp",600,600,false],"hanout_item_media_sm":["https:\/\/hkbricool.com\/wp-content\/uploads\/2024\/11\/ID-900-2web.webp",90,90,false],"hanout_hero":["https:\/\/hkbricool.com\/wp-content\/uploads\/2024\/11\/ID-900-2web.webp",300,300,false],"hanout_block_item_lg":["https:\/\/hkbricool.com\/wp-content\/uploads\/2024\/11\/ID-900-2web.webp",510,510,false],"hanout_block_item_long":["https:\/\/hkbricool.com\/wp-content\/uploads\/2024\/11\/ID-900-2web.webp",215,215,false],"hanout_block_item_md":["https:\/\/hkbricool.com\/wp-content\/uploads\/2024\/11\/ID-900-2web.webp",345,345,false],"hanout_block_item_xl":["https:\/\/hkbricool.com\/wp-content\/uploads\/2024\/11\/ID-900-2web.webp",600,600,false],"hanout_featgal_small_thumb":["https:\/\/hkbricool.com\/wp-content\/uploads\/2024\/11\/ID-900-2web.webp",100,100,false],"woocommerce_thumbnail":["https:\/\/hkbricool.com\/wp-content\/uploads\/2024\/11\/ID-900-2web.webp",600,600,false],"woocommerce_single":["https:\/\/hkbricool.com\/wp-content\/uploads\/2024\/11\/ID-900-2web.webp",600,600,false],"woocommerce_gallery_thumbnail":["https:\/\/hkbricool.com\/wp-content\/uploads\/2024\/11\/ID-900-2web-160x160.webp",160,160,true],"maxslider_slide":["https:\/\/hkbricool.com\/wp-content\/uploads\/2024\/11\/ID-900-2web.webp",450,450,false]},"uagb_author_info":{"display_name":"khaledsed20@gmail.com","author_link":"https:\/\/hkbricool.com\/%d8%a7%d9%84%d8%b1%d8%a6%d9%8a%d8%b3%d9%8a%d8%a9\/shop\/author\/"},"uagb_comment_info":0,"uagb_excerpt":"&nbsp; La perceuse \u00e0 percussion WORCRAFT ID-1050 est un outil polyvalent qui rend de tr\u00e8s bons services aux bricoleurs lors de travaux partout dans la maison, l&#8217;atelier et le garage. Avec sa fonction de per\u00e7age et d&#8217;inversion, la perceuse est une aide pr\u00e9cieuse dans de nombreux projets. La conception ergonomique et bien \u00e9quilibr\u00e9e est dot\u00e9e&hellip;","_links":{"self":[{"href":"https:\/\/hkbricool.com\/%d8%a7%d9%84%d8%b1%d8%a6%d9%8a%d8%b3%d9%8a%d8%a9\/shop\/wp-json\/wp\/v2\/product\/365","targetHints":{"allow":["GET"]}}],"collection":[{"href":"https:\/\/hkbricool.com\/%d8%a7%d9%84%d8%b1%d8%a6%d9%8a%d8%b3%d9%8a%d8%a9\/shop\/wp-json\/wp\/v2\/product"}],"about":[{"href":"https:\/\/hkbricool.com\/%d8%a7%d9%84%d8%b1%d8%a6%d9%8a%d8%b3%d9%8a%d8%a9\/shop\/wp-json\/wp\/v2\/types\/product"}],"replies":[{"embeddable":true,"href":"https:\/\/hkbricool.com\/%d8%a7%d9%84%d8%b1%d8%a6%d9%8a%d8%b3%d9%8a%d8%a9\/shop\/wp-json\/wp\/v2\/comments?post=365"}],"wp:featuredmedia":[{"embeddable":true,"href":"https:\/\/hkbricool.com\/%d8%a7%d9%84%d8%b1%d8%a6%d9%8a%d8%b3%d9%8a%d8%a9\/shop\/wp-json\/wp\/v2\/media\/2015"}],"wp:attachment":[{"href":"https:\/\/hkbricool.com\/%d8%a7%d9%84%d8%b1%d8%a6%d9%8a%d8%b3%d9%8a%d8%a9\/shop\/wp-json\/wp\/v2\/media?parent=365"}],"wp:term":[{"taxonomy":"product_brand","embeddable":true,"href":"https:\/\/hkbricool.com\/%d8%a7%d9%84%d8%b1%d8%a6%d9%8a%d8%b3%d9%8a%d8%a9\/shop\/wp-json\/wp\/v2\/product_brand?post=365"},{"taxonomy":"product_cat","embeddable":true,"href":"https:\/\/hkbricool.com\/%d8%a7%d9%84%d8%b1%d8%a6%d9%8a%d8%b3%d9%8a%d8%a9\/shop\/wp-json\/wp\/v2\/product_cat?post=365"},{"taxonomy":"product_tag","embeddable":true,"href":"https:\/\/hkbricool.com\/%d8%a7%d9%84%d8%b1%d8%a6%d9%8a%d8%b3%d9%8a%d8%a9\/shop\/wp-json\/wp\/v2\/product_tag?post=365"}],"curies":[{"name":"wp","href":"https:\/\/api.w.org\/{rel}","templated":true}]}}