{"id":353,"date":"2024-11-29T17:56:03","date_gmt":"2024-11-29T17:56:03","guid":{"rendered":"http:\/\/hkbricool.com\/product\/claire-high-heels-shoes\/"},"modified":"2024-12-15T09:46:26","modified_gmt":"2024-12-15T09:46:26","slug":"claire-high-heels-shoes","status":"publish","type":"product","link":"https:\/\/hkbricool.com\/%d8%a7%d9%84%d8%b1%d8%a6%d9%8a%d8%b3%d9%8a%d8%a9\/shop\/product\/claire-high-heels-shoes\/","title":{"rendered":"Poste A Souder MMA 200 DP WORCRAFT"},"content":{"rendered":"<p><strong>Poste A Souder MMA 200A DP \u2013 WORCRAFT La soudeuse \u00e0 l\u2019arc \u00e0 onduleur WORCRAFT MMA-200DP a \u00e9t\u00e9 con\u00e7ue pour les r\u00e9parations, la maintenance et les applications de bricolage s\u00e9rieuses autour de la maison ou du garage, qui conviennent \u00e0 une large gamme de projets tels que les portails, les remorques et la fabrication g\u00e9n\u00e9rale de m\u00e9tal. Convient pour une utilisation avec des tailles d\u2019\u00e9lectrodes de 1,0, 1,6, 2,0, 2,5, 3,2, 4,0, 5,0 mm. Les fonctionnalit\u00e9s incluent; refroidi par ventilateur pour am\u00e9liorer le rapport cyclique et les performances de soudage, protection contre les coupures de temp\u00e9rature et les surcharges thermiques, sortie \u00e0 variation continue de 20 \u00e0 200 amp\u00e8res pour des r\u00e9glages pr\u00e9cis. Affichage num\u00e9rique LED pour un r\u00e9glage facile et surveiller le courant de soudage dans le temps. La force de l\u2019arc aide l\u2019op\u00e9rateur \u00e0 d\u00e9marrer le soudage. Voyant LED de mise sous tension et de fonction pour v\u00e9rifier facilement l\u2019\u00e9tat de la machine. La technologie de l\u2019onduleur rend la machine l\u00e9g\u00e8re et compacte pour \u00eatre facilement transport\u00e9e \u00e0 port\u00e9e de main. INCLURE: 1 pc machine \u00e0 souder 1 pc pince pour \u00e9lectrode 1 pc pince de mise \u00e0 la terre 1 pc marteau piqueur 1 pc masque 1 manuel d\u2019instructions Tension nominale 220 \u2013 240VAC 50Hz<\/strong><\/p>\n<p><strong>Les produits sont originaux et aux meilleurs prix en Alg\u00e9rie<img decoding=\"async\" class=\"emoji\" role=\"img\" draggable=\"false\" src=\"https:\/\/s.w.org\/images\/core\/emoji\/15.0.3\/svg\/2705.svg\" alt=\"\u2705\" \/><img decoding=\"async\" class=\"emoji\" role=\"img\" draggable=\"false\" src=\"https:\/\/s.w.org\/images\/core\/emoji\/15.0.3\/svg\/2705.svg\" alt=\"\u2705\" \/><\/strong><\/p>\n<p><strong>Livraison disponible sur le territoire national<\/strong>\u00a0\u00a0<img decoding=\"async\" class=\"emoji\" role=\"img\" draggable=\"false\" src=\"https:\/\/s.w.org\/images\/core\/emoji\/15.0.3\/svg\/2705.svg\" alt=\"\u2705\" \/><img decoding=\"async\" class=\"emoji\" role=\"img\" draggable=\"false\" src=\"https:\/\/s.w.org\/images\/core\/emoji\/15.0.3\/svg\/2705.svg\" alt=\"\u2705\" \/><\/p>\n","protected":false},"excerpt":{"rendered":"<p>Poste A Souder MMA 200A DP \u2013 WORCRAFT La soudeuse \u00e0 l\u2019arc \u00e0 onduleur WORCRAFT MMA-200DP a \u00e9t\u00e9 con\u00e7ue pour les r\u00e9parations, la maintenance et les applications de bricolage s\u00e9rieuses autour de la maison ou du garage, qui conviennent \u00e0 une large gamme de projets tels que les portails, les remorques et la fabrication g\u00e9n\u00e9rale [&hellip;]<\/p>\n","protected":false},"featured_media":1950,"comment_status":"open","ping_status":"closed","template":"","meta":{"_uag_custom_page_level_css":""},"product_brand":[],"product_cat":[25],"product_tag":[],"class_list":{"0":"post-353","1":"product","2":"type-product","3":"status-publish","4":"has-post-thumbnail","6":"product_cat-worcraft-power-tools","8":"first","9":"instock","10":"sale","11":"shipping-taxable","12":"purchasable","13":"product-type-simple"},"aioseo_notices":[],"uagb_featured_image_src":{"full":["https:\/\/hkbricool.com\/wp-content\/uploads\/2024\/11\/MMA-200DP-2.webp",600,600,false],"thumbnail":["https:\/\/hkbricool.com\/wp-content\/uploads\/2024\/11\/MMA-200DP-2-150x150.webp",150,150,true],"medium":["https:\/\/hkbricool.com\/wp-content\/uploads\/2024\/11\/MMA-200DP-2-300x300.webp",300,300,true],"medium_large":["https:\/\/hkbricool.com\/wp-content\/uploads\/2024\/11\/MMA-200DP-2.webp",600,600,false],"large":["https:\/\/hkbricool.com\/wp-content\/uploads\/2024\/11\/MMA-200DP-2.webp",600,600,false],"1536x1536":["https:\/\/hkbricool.com\/wp-content\/uploads\/2024\/11\/MMA-200DP-2.webp",600,600,false],"2048x2048":["https:\/\/hkbricool.com\/wp-content\/uploads\/2024\/11\/MMA-200DP-2.webp",600,600,false],"post-thumbnail":["https:\/\/hkbricool.com\/wp-content\/uploads\/2024\/11\/MMA-200DP-2.webp",540,540,false],"hanout_item":["https:\/\/hkbricool.com\/wp-content\/uploads\/2024\/11\/MMA-200DP-2.webp",600,600,false],"hanout_item_media_sm":["https:\/\/hkbricool.com\/wp-content\/uploads\/2024\/11\/MMA-200DP-2.webp",90,90,false],"hanout_hero":["https:\/\/hkbricool.com\/wp-content\/uploads\/2024\/11\/MMA-200DP-2.webp",300,300,false],"hanout_block_item_lg":["https:\/\/hkbricool.com\/wp-content\/uploads\/2024\/11\/MMA-200DP-2.webp",510,510,false],"hanout_block_item_long":["https:\/\/hkbricool.com\/wp-content\/uploads\/2024\/11\/MMA-200DP-2.webp",215,215,false],"hanout_block_item_md":["https:\/\/hkbricool.com\/wp-content\/uploads\/2024\/11\/MMA-200DP-2.webp",345,345,false],"hanout_block_item_xl":["https:\/\/hkbricool.com\/wp-content\/uploads\/2024\/11\/MMA-200DP-2.webp",600,600,false],"hanout_featgal_small_thumb":["https:\/\/hkbricool.com\/wp-content\/uploads\/2024\/11\/MMA-200DP-2.webp",100,100,false],"woocommerce_thumbnail":["https:\/\/hkbricool.com\/wp-content\/uploads\/2024\/11\/MMA-200DP-2.webp",600,600,false],"woocommerce_single":["https:\/\/hkbricool.com\/wp-content\/uploads\/2024\/11\/MMA-200DP-2.webp",600,600,false],"woocommerce_gallery_thumbnail":["https:\/\/hkbricool.com\/wp-content\/uploads\/2024\/11\/MMA-200DP-2-160x160.webp",160,160,true],"maxslider_slide":["https:\/\/hkbricool.com\/wp-content\/uploads\/2024\/11\/MMA-200DP-2.webp",450,450,false]},"uagb_author_info":{"display_name":"khaledsed20@gmail.com","author_link":"https:\/\/hkbricool.com\/%d8%a7%d9%84%d8%b1%d8%a6%d9%8a%d8%b3%d9%8a%d8%a9\/shop\/author\/"},"uagb_comment_info":0,"uagb_excerpt":"Poste A Souder MMA 200A DP \u2013 WORCRAFT La soudeuse \u00e0 l\u2019arc \u00e0 onduleur WORCRAFT MMA-200DP a \u00e9t\u00e9 con\u00e7ue pour les r\u00e9parations, la maintenance et les applications de bricolage s\u00e9rieuses autour de la maison ou du garage, qui conviennent \u00e0 une large gamme de projets tels que les portails, les remorques et la fabrication g\u00e9n\u00e9rale&hellip;","_links":{"self":[{"href":"https:\/\/hkbricool.com\/%d8%a7%d9%84%d8%b1%d8%a6%d9%8a%d8%b3%d9%8a%d8%a9\/shop\/wp-json\/wp\/v2\/product\/353","targetHints":{"allow":["GET"]}}],"collection":[{"href":"https:\/\/hkbricool.com\/%d8%a7%d9%84%d8%b1%d8%a6%d9%8a%d8%b3%d9%8a%d8%a9\/shop\/wp-json\/wp\/v2\/product"}],"about":[{"href":"https:\/\/hkbricool.com\/%d8%a7%d9%84%d8%b1%d8%a6%d9%8a%d8%b3%d9%8a%d8%a9\/shop\/wp-json\/wp\/v2\/types\/product"}],"replies":[{"embeddable":true,"href":"https:\/\/hkbricool.com\/%d8%a7%d9%84%d8%b1%d8%a6%d9%8a%d8%b3%d9%8a%d8%a9\/shop\/wp-json\/wp\/v2\/comments?post=353"}],"wp:featuredmedia":[{"embeddable":true,"href":"https:\/\/hkbricool.com\/%d8%a7%d9%84%d8%b1%d8%a6%d9%8a%d8%b3%d9%8a%d8%a9\/shop\/wp-json\/wp\/v2\/media\/1950"}],"wp:attachment":[{"href":"https:\/\/hkbricool.com\/%d8%a7%d9%84%d8%b1%d8%a6%d9%8a%d8%b3%d9%8a%d8%a9\/shop\/wp-json\/wp\/v2\/media?parent=353"}],"wp:term":[{"taxonomy":"product_brand","embeddable":true,"href":"https:\/\/hkbricool.com\/%d8%a7%d9%84%d8%b1%d8%a6%d9%8a%d8%b3%d9%8a%d8%a9\/shop\/wp-json\/wp\/v2\/product_brand?post=353"},{"taxonomy":"product_cat","embeddable":true,"href":"https:\/\/hkbricool.com\/%d8%a7%d9%84%d8%b1%d8%a6%d9%8a%d8%b3%d9%8a%d8%a9\/shop\/wp-json\/wp\/v2\/product_cat?post=353"},{"taxonomy":"product_tag","embeddable":true,"href":"https:\/\/hkbricool.com\/%d8%a7%d9%84%d8%b1%d8%a6%d9%8a%d8%b3%d9%8a%d8%a9\/shop\/wp-json\/wp\/v2\/product_tag?post=353"}],"curies":[{"name":"wp","href":"https:\/\/api.w.org\/{rel}","templated":true}]}}