{"id":2205,"date":"2024-12-12T08:31:26","date_gmt":"2024-12-12T08:31:26","guid":{"rendered":"https:\/\/hkbricool.com\/%d8%a7%d9%84%d8%b1%d8%a6%d9%8a%d8%b3%d9%8a%d8%a9\/?post_type=product&#038;p=2205"},"modified":"2024-12-15T09:00:46","modified_gmt":"2024-12-15T09:00:46","slug":"air-boss-kit-de-meuleuse-a-air-dg-110-kit","status":"publish","type":"product","link":"https:\/\/hkbricool.com\/%d8%a7%d9%84%d8%b1%d8%a6%d9%8a%d8%b3%d9%8a%d8%a9\/shop\/product\/air-boss-kit-de-meuleuse-a-air-dg-110-kit\/","title":{"rendered":"AIR BOSS KIT DE MEULEUSE A AIR DG-110-KIT"},"content":{"rendered":"<ul>\n<li>Meule, lisse et finit avec pr\u00e9cision les zones rugueuses lorsque l&#8217;espace est limit\u00e9.<\/li>\n<li>Parfait pour les retouches et le pon\u00e7age de production.<\/li>\n<li>M\u00e9canisme sans engrenage unique pour une plus longue dur\u00e9e de vie de l&#8217;outil.<\/li>\n<li>L&#8217;\u00e9chappement arri\u00e8re dirige l&#8217;air loin de la surface de travail.<\/li>\n<\/ul>\n<h3><img decoding=\"async\" class=\"emoji\" role=\"img\" draggable=\"false\" src=\"https:\/\/s.w.org\/images\/core\/emoji\/14.0.0\/svg\/2699.svg\" alt=\"\u2699\ufe0f\" \/>\u00a0<strong>sp\u00e9cification<\/strong><\/h3>\n<table id=\"tabs-nav\" class=\"xl756500\" border=\"10\" width=\"517\" rules=\"cols\" cellspacing=\"2\" cellpadding=\"5\" bgcolor=\"#FEA500\">\n<tbody>\n<tr valign=\"middle\">\n<th class=\"xl72\" nowrap=\"nowrap\" width=\"30%\">\n<div align=\"left\"><strong>Taille de pince<\/strong><\/div>\n<\/th>\n<td class=\"xl72\" width=\"284\">6mm (1\/4\u2033)<\/td>\n<\/tr>\n<tr valign=\"middle\">\n<th class=\"xl72\" nowrap=\"nowrap\" width=\"30%\">\n<div align=\"left\"><strong>Vitesse libre<\/strong><\/div>\n<\/th>\n<td class=\"xl72\">25 000 tr\/min<\/td>\n<\/tr>\n<tr valign=\"middle\">\n<th class=\"xl72\" nowrap=\"nowrap\" width=\"30%\">\n<div align=\"left\"><strong>Moy. Air cons.<\/strong><\/div>\n<\/th>\n<td class=\"xl73\">1 PCM (28,3 l\/min)<\/td>\n<\/tr>\n<tr valign=\"middle\">\n<th class=\"xl72\" nowrap=\"nowrap\" width=\"30%\">\n<div align=\"left\"><strong>Pression de l&#8217;air<\/strong><\/div>\n<\/th>\n<td class=\"xl71\">90 psi (6,2 bars)<\/td>\n<\/tr>\n<tr valign=\"middle\">\n<th class=\"xl72\" nowrap=\"nowrap\" width=\"30%\">\n<div align=\"left\"><strong>Poids net<\/strong><\/div>\n<\/th>\n<td class=\"xl72\">0,49 kg (1,08 lb)<\/td>\n<\/tr>\n<tr valign=\"middle\">\n<th class=\"xl72\" nowrap=\"nowrap\" width=\"30%\">\n<div align=\"left\"><strong>Longueur totale<\/strong><\/div>\n<\/th>\n<td class=\"xl72\">170mm (6.69\u2033)<\/td>\n<\/tr>\n<tr valign=\"middle\">\n<th class=\"xl72\" nowrap=\"nowrap\" width=\"30%\">\n<div align=\"left\"><strong>Entr\u00e9e d&#8217;air<\/strong><\/div>\n<\/th>\n<td class=\"xl72\">1\/4\u2033<\/td>\n<\/tr>\n<tr valign=\"middle\">\n<th class=\"xl72\" nowrap=\"nowrap\" width=\"30%\">\n<div align=\"left\"><strong><span class=\"xl75\">Bruit sonore<\/span><\/strong><\/div>\n<\/th>\n<td class=\"xl71\">86 dB(A)<\/td>\n<\/tr>\n<\/tbody>\n<\/table>\n","protected":false},"excerpt":{"rendered":"<p>Meule, lisse et finit avec pr\u00e9cision les zones rugueuses lorsque l&#8217;espace est limit\u00e9. Parfait pour les retouches et le pon\u00e7age de production. M\u00e9canisme sans engrenage unique pour une plus longue dur\u00e9e de vie de l&#8217;outil. L&#8217;\u00e9chappement arri\u00e8re dirige l&#8217;air loin de la surface de travail. \u00a0sp\u00e9cification Taille de pince 6mm (1\/4\u2033) Vitesse libre 25 000 [&hellip;]<\/p>\n","protected":false},"featured_media":2206,"comment_status":"open","ping_status":"closed","template":"","meta":{"_uag_custom_page_level_css":""},"product_brand":[],"product_cat":[40],"product_tag":[],"class_list":{"0":"post-2205","1":"product","2":"type-product","3":"status-publish","4":"has-post-thumbnail","6":"product_cat-air-boss","8":"first","9":"instock","10":"sale","11":"shipping-taxable","12":"purchasable","13":"product-type-simple"},"aioseo_notices":[],"uagb_featured_image_src":{"full":["https:\/\/hkbricool.com\/wp-content\/uploads\/2024\/12\/DG-105-1Air-Die-Grinder-Angle-Grinder-1000x1000.jpg.webp",1000,1000,false],"thumbnail":["https:\/\/hkbricool.com\/wp-content\/uploads\/2024\/12\/DG-105-1Air-Die-Grinder-Angle-Grinder-1000x1000.jpg-150x150.webp",150,150,true],"medium":["https:\/\/hkbricool.com\/wp-content\/uploads\/2024\/12\/DG-105-1Air-Die-Grinder-Angle-Grinder-1000x1000.jpg-300x300.webp",300,300,true],"medium_large":["https:\/\/hkbricool.com\/wp-content\/uploads\/2024\/12\/DG-105-1Air-Die-Grinder-Angle-Grinder-1000x1000.jpg-768x768.webp",768,768,true],"large":["https:\/\/hkbricool.com\/wp-content\/uploads\/2024\/12\/DG-105-1Air-Die-Grinder-Angle-Grinder-1000x1000.jpg.webp",960,960,false],"1536x1536":["https:\/\/hkbricool.com\/wp-content\/uploads\/2024\/12\/DG-105-1Air-Die-Grinder-Angle-Grinder-1000x1000.jpg.webp",1000,1000,false],"2048x2048":["https:\/\/hkbricool.com\/wp-content\/uploads\/2024\/12\/DG-105-1Air-Die-Grinder-Angle-Grinder-1000x1000.jpg.webp",1000,1000,false],"post-thumbnail":["https:\/\/hkbricool.com\/wp-content\/uploads\/2024\/12\/DG-105-1Air-Die-Grinder-Angle-Grinder-1000x1000.jpg-960x540.webp",960,540,true],"hanout_item":["https:\/\/hkbricool.com\/wp-content\/uploads\/2024\/12\/DG-105-1Air-Die-Grinder-Angle-Grinder-1000x1000.jpg-630x630.webp",630,630,true],"hanout_item_media_sm":["https:\/\/hkbricool.com\/wp-content\/uploads\/2024\/12\/DG-105-1Air-Die-Grinder-Angle-Grinder-1000x1000.jpg-90x90.webp",90,90,true],"hanout_hero":["https:\/\/hkbricool.com\/wp-content\/uploads\/2024\/12\/DG-105-1Air-Die-Grinder-Angle-Grinder-1000x1000.jpg-1000x300.webp",1000,300,true],"hanout_block_item_lg":["https:\/\/hkbricool.com\/wp-content\/uploads\/2024\/12\/DG-105-1Air-Die-Grinder-Angle-Grinder-1000x1000.jpg-910x510.webp",910,510,true],"hanout_block_item_long":["https:\/\/hkbricool.com\/wp-content\/uploads\/2024\/12\/DG-105-1Air-Die-Grinder-Angle-Grinder-1000x1000.jpg-1000x215.webp",1000,215,true],"hanout_block_item_md":["https:\/\/hkbricool.com\/wp-content\/uploads\/2024\/12\/DG-105-1Air-Die-Grinder-Angle-Grinder-1000x1000.jpg-630x345.webp",630,345,true],"hanout_block_item_xl":["https:\/\/hkbricool.com\/wp-content\/uploads\/2024\/12\/DG-105-1Air-Die-Grinder-Angle-Grinder-1000x1000.jpg-1000x725.webp",1000,725,true],"hanout_featgal_small_thumb":["https:\/\/hkbricool.com\/wp-content\/uploads\/2024\/12\/DG-105-1Air-Die-Grinder-Angle-Grinder-1000x1000.jpg-100x100.webp",100,100,true],"woocommerce_thumbnail":["https:\/\/hkbricool.com\/wp-content\/uploads\/2024\/12\/DG-105-1Air-Die-Grinder-Angle-Grinder-1000x1000.jpg-630x630.webp",630,630,true],"woocommerce_single":["https:\/\/hkbricool.com\/wp-content\/uploads\/2024\/12\/DG-105-1Air-Die-Grinder-Angle-Grinder-1000x1000.jpg-690x690.webp",690,690,true],"woocommerce_gallery_thumbnail":["https:\/\/hkbricool.com\/wp-content\/uploads\/2024\/12\/DG-105-1Air-Die-Grinder-Angle-Grinder-1000x1000.jpg-160x160.webp",160,160,true],"maxslider_slide":["https:\/\/hkbricool.com\/wp-content\/uploads\/2024\/12\/DG-105-1Air-Die-Grinder-Angle-Grinder-1000x1000.jpg-750x450.webp",750,450,true]},"uagb_author_info":{"display_name":"khaledsed20@gmail.com","author_link":"https:\/\/hkbricool.com\/%d8%a7%d9%84%d8%b1%d8%a6%d9%8a%d8%b3%d9%8a%d8%a9\/shop\/author\/"},"uagb_comment_info":0,"uagb_excerpt":"Meule, lisse et finit avec pr\u00e9cision les zones rugueuses lorsque l&#8217;espace est limit\u00e9. Parfait pour les retouches et le pon\u00e7age de production. M\u00e9canisme sans engrenage unique pour une plus longue dur\u00e9e de vie de l&#8217;outil. L&#8217;\u00e9chappement arri\u00e8re dirige l&#8217;air loin de la surface de travail. \u00a0sp\u00e9cification Taille de pince 6mm (1\/4\u2033) Vitesse libre 25 000&hellip;","_links":{"self":[{"href":"https:\/\/hkbricool.com\/%d8%a7%d9%84%d8%b1%d8%a6%d9%8a%d8%b3%d9%8a%d8%a9\/shop\/wp-json\/wp\/v2\/product\/2205","targetHints":{"allow":["GET"]}}],"collection":[{"href":"https:\/\/hkbricool.com\/%d8%a7%d9%84%d8%b1%d8%a6%d9%8a%d8%b3%d9%8a%d8%a9\/shop\/wp-json\/wp\/v2\/product"}],"about":[{"href":"https:\/\/hkbricool.com\/%d8%a7%d9%84%d8%b1%d8%a6%d9%8a%d8%b3%d9%8a%d8%a9\/shop\/wp-json\/wp\/v2\/types\/product"}],"replies":[{"embeddable":true,"href":"https:\/\/hkbricool.com\/%d8%a7%d9%84%d8%b1%d8%a6%d9%8a%d8%b3%d9%8a%d8%a9\/shop\/wp-json\/wp\/v2\/comments?post=2205"}],"wp:featuredmedia":[{"embeddable":true,"href":"https:\/\/hkbricool.com\/%d8%a7%d9%84%d8%b1%d8%a6%d9%8a%d8%b3%d9%8a%d8%a9\/shop\/wp-json\/wp\/v2\/media\/2206"}],"wp:attachment":[{"href":"https:\/\/hkbricool.com\/%d8%a7%d9%84%d8%b1%d8%a6%d9%8a%d8%b3%d9%8a%d8%a9\/shop\/wp-json\/wp\/v2\/media?parent=2205"}],"wp:term":[{"taxonomy":"product_brand","embeddable":true,"href":"https:\/\/hkbricool.com\/%d8%a7%d9%84%d8%b1%d8%a6%d9%8a%d8%b3%d9%8a%d8%a9\/shop\/wp-json\/wp\/v2\/product_brand?post=2205"},{"taxonomy":"product_cat","embeddable":true,"href":"https:\/\/hkbricool.com\/%d8%a7%d9%84%d8%b1%d8%a6%d9%8a%d8%b3%d9%8a%d8%a9\/shop\/wp-json\/wp\/v2\/product_cat?post=2205"},{"taxonomy":"product_tag","embeddable":true,"href":"https:\/\/hkbricool.com\/%d8%a7%d9%84%d8%b1%d8%a6%d9%8a%d8%b3%d9%8a%d8%a9\/shop\/wp-json\/wp\/v2\/product_tag?post=2205"}],"curies":[{"name":"wp","href":"https:\/\/api.w.org\/{rel}","templated":true}]}}