{"id":2194,"date":"2024-12-11T10:17:14","date_gmt":"2024-12-11T10:17:14","guid":{"rendered":"https:\/\/hkbricool.com\/%d8%a7%d9%84%d8%b1%d8%a6%d9%8a%d8%b3%d9%8a%d8%a9\/?post_type=product&#038;p=2194"},"modified":"2024-12-15T09:05:28","modified_gmt":"2024-12-15T09:05:28","slug":"2614-20-cle-lavabo-sanicrom-1-12-reversible","status":"publish","type":"product","link":"https:\/\/hkbricool.com\/%d8%a7%d9%84%d8%b1%d8%a6%d9%8a%d8%b3%d9%8a%d8%a9\/shop\/product\/2614-20-cle-lavabo-sanicrom-1-12-reversible\/","title":{"rendered":"VIRAX 2614 20 CL\u00c9 LAVABO SANICROM 1.12 REVERSIBLE"},"content":{"rendered":"<h3><strong>Description r\u00e9f\u00e9rence\u00a0Virax | 261420<\/strong><\/h3>\n<ul>\n<li>Pour \u00e9crous ou raccords de lavabo, baignoire, \u00e9vier, bidet. Serrage et desserrage possible par pivotement sans d\u00e9montage de la m\u00e2choire. Pour serrage et desserrage de pi\u00e8ces difficiles d\u2019acc\u00e8s. Profil de m\u00e2choire permettant l\u2019autoserrage.<\/li>\n<\/ul>\n<h3><strong>Garantie et SAV de votre outillage Virax | 261420<\/strong><\/h3>\n<p>Garantie 100% pendant 2 ans :<\/p>\n<p>Virax garantit l&#8217;ensemble de ses produits 2 ans \u00e0 100%, hors consommables et batteries, et hors utilisation abusive ou produit modifi\u00e9.<\/p>\n","protected":false},"excerpt":{"rendered":"<p>Description r\u00e9f\u00e9rence\u00a0Virax | 261420 Pour \u00e9crous ou raccords de lavabo, baignoire, \u00e9vier, bidet. Serrage et desserrage possible par pivotement sans d\u00e9montage de la m\u00e2choire. Pour serrage et desserrage de pi\u00e8ces difficiles d\u2019acc\u00e8s. Profil de m\u00e2choire permettant l\u2019autoserrage. Garantie et SAV de votre outillage Virax | 261420 Garantie 100% pendant 2 ans : Virax garantit l&#8217;ensemble [&hellip;]<\/p>\n","protected":false},"featured_media":2195,"comment_status":"open","ping_status":"closed","template":"","meta":{"_uag_custom_page_level_css":""},"product_brand":[],"product_cat":[39],"product_tag":[],"class_list":{"0":"post-2194","1":"product","2":"type-product","3":"status-publish","4":"has-post-thumbnail","6":"product_cat-virax","8":"first","9":"instock","10":"sale","11":"shipping-taxable","12":"purchasable","13":"product-type-simple"},"aioseo_notices":[],"uagb_featured_image_src":{"full":["https:\/\/hkbricool.com\/wp-content\/uploads\/2024\/12\/30178-261420.webp",1050,1239,false],"thumbnail":["https:\/\/hkbricool.com\/wp-content\/uploads\/2024\/12\/30178-261420-150x150.webp",150,150,true],"medium":["https:\/\/hkbricool.com\/wp-content\/uploads\/2024\/12\/30178-261420-254x300.webp",254,300,true],"medium_large":["https:\/\/hkbricool.com\/wp-content\/uploads\/2024\/12\/30178-261420-768x906.webp",768,906,true],"large":["https:\/\/hkbricool.com\/wp-content\/uploads\/2024\/12\/30178-261420-868x1024.webp",868,1024,true],"1536x1536":["https:\/\/hkbricool.com\/wp-content\/uploads\/2024\/12\/30178-261420.webp",1050,1239,false],"2048x2048":["https:\/\/hkbricool.com\/wp-content\/uploads\/2024\/12\/30178-261420.webp",1050,1239,false],"post-thumbnail":["https:\/\/hkbricool.com\/wp-content\/uploads\/2024\/12\/30178-261420-960x540.webp",960,540,true],"hanout_item":["https:\/\/hkbricool.com\/wp-content\/uploads\/2024\/12\/30178-261420-630x630.webp",630,630,true],"hanout_item_media_sm":["https:\/\/hkbricool.com\/wp-content\/uploads\/2024\/12\/30178-261420-90x90.webp",90,90,true],"hanout_hero":["https:\/\/hkbricool.com\/wp-content\/uploads\/2024\/12\/30178-261420-1050x300.webp",1050,300,true],"hanout_block_item_lg":["https:\/\/hkbricool.com\/wp-content\/uploads\/2024\/12\/30178-261420-910x510.webp",910,510,true],"hanout_block_item_long":["https:\/\/hkbricool.com\/wp-content\/uploads\/2024\/12\/30178-261420-1050x215.webp",1050,215,true],"hanout_block_item_md":["https:\/\/hkbricool.com\/wp-content\/uploads\/2024\/12\/30178-261420-630x345.webp",630,345,true],"hanout_block_item_xl":["https:\/\/hkbricool.com\/wp-content\/uploads\/2024\/12\/30178-261420-1050x725.webp",1050,725,true],"hanout_featgal_small_thumb":["https:\/\/hkbricool.com\/wp-content\/uploads\/2024\/12\/30178-261420-100x100.webp",100,100,true],"woocommerce_thumbnail":["https:\/\/hkbricool.com\/wp-content\/uploads\/2024\/12\/30178-261420-630x630.webp",630,630,true],"woocommerce_single":["https:\/\/hkbricool.com\/wp-content\/uploads\/2024\/12\/30178-261420-690x814.webp",690,814,true],"woocommerce_gallery_thumbnail":["https:\/\/hkbricool.com\/wp-content\/uploads\/2024\/12\/30178-261420-160x160.webp",160,160,true],"maxslider_slide":["https:\/\/hkbricool.com\/wp-content\/uploads\/2024\/12\/30178-261420-750x450.webp",750,450,true]},"uagb_author_info":{"display_name":"khaledsed20@gmail.com","author_link":"https:\/\/hkbricool.com\/%d8%a7%d9%84%d8%b1%d8%a6%d9%8a%d8%b3%d9%8a%d8%a9\/shop\/author\/"},"uagb_comment_info":0,"uagb_excerpt":"Description r\u00e9f\u00e9rence\u00a0Virax | 261420 Pour \u00e9crous ou raccords de lavabo, baignoire, \u00e9vier, bidet. Serrage et desserrage possible par pivotement sans d\u00e9montage de la m\u00e2choire. Pour serrage et desserrage de pi\u00e8ces difficiles d\u2019acc\u00e8s. Profil de m\u00e2choire permettant l\u2019autoserrage. Garantie et SAV de votre outillage Virax | 261420 Garantie 100% pendant 2 ans : Virax garantit l&#8217;ensemble&hellip;","_links":{"self":[{"href":"https:\/\/hkbricool.com\/%d8%a7%d9%84%d8%b1%d8%a6%d9%8a%d8%b3%d9%8a%d8%a9\/shop\/wp-json\/wp\/v2\/product\/2194","targetHints":{"allow":["GET"]}}],"collection":[{"href":"https:\/\/hkbricool.com\/%d8%a7%d9%84%d8%b1%d8%a6%d9%8a%d8%b3%d9%8a%d8%a9\/shop\/wp-json\/wp\/v2\/product"}],"about":[{"href":"https:\/\/hkbricool.com\/%d8%a7%d9%84%d8%b1%d8%a6%d9%8a%d8%b3%d9%8a%d8%a9\/shop\/wp-json\/wp\/v2\/types\/product"}],"replies":[{"embeddable":true,"href":"https:\/\/hkbricool.com\/%d8%a7%d9%84%d8%b1%d8%a6%d9%8a%d8%b3%d9%8a%d8%a9\/shop\/wp-json\/wp\/v2\/comments?post=2194"}],"wp:featuredmedia":[{"embeddable":true,"href":"https:\/\/hkbricool.com\/%d8%a7%d9%84%d8%b1%d8%a6%d9%8a%d8%b3%d9%8a%d8%a9\/shop\/wp-json\/wp\/v2\/media\/2195"}],"wp:attachment":[{"href":"https:\/\/hkbricool.com\/%d8%a7%d9%84%d8%b1%d8%a6%d9%8a%d8%b3%d9%8a%d8%a9\/shop\/wp-json\/wp\/v2\/media?parent=2194"}],"wp:term":[{"taxonomy":"product_brand","embeddable":true,"href":"https:\/\/hkbricool.com\/%d8%a7%d9%84%d8%b1%d8%a6%d9%8a%d8%b3%d9%8a%d8%a9\/shop\/wp-json\/wp\/v2\/product_brand?post=2194"},{"taxonomy":"product_cat","embeddable":true,"href":"https:\/\/hkbricool.com\/%d8%a7%d9%84%d8%b1%d8%a6%d9%8a%d8%b3%d9%8a%d8%a9\/shop\/wp-json\/wp\/v2\/product_cat?post=2194"},{"taxonomy":"product_tag","embeddable":true,"href":"https:\/\/hkbricool.com\/%d8%a7%d9%84%d8%b1%d8%a6%d9%8a%d8%b3%d9%8a%d8%a9\/shop\/wp-json\/wp\/v2\/product_tag?post=2194"}],"curies":[{"name":"wp","href":"https:\/\/api.w.org\/{rel}","templated":true}]}}