{"id":2168,"date":"2024-12-11T08:48:31","date_gmt":"2024-12-11T08:48:31","guid":{"rendered":"https:\/\/hkbricool.com\/%d8%a7%d9%84%d8%b1%d8%a6%d9%8a%d8%b3%d9%8a%d8%a9\/?post_type=product&#038;p=2168"},"modified":"2024-12-15T09:11:13","modified_gmt":"2024-12-15T09:11:13","slug":"vrx-2104-37-mini-coupe-tube-cuivre-16mm","status":"publish","type":"product","link":"https:\/\/hkbricool.com\/%d8%a7%d9%84%d8%b1%d8%a6%d9%8a%d8%b3%d9%8a%d8%a9\/shop\/product\/vrx-2104-37-mini-coupe-tube-cuivre-16mm\/","title":{"rendered":"VRX 2104 37 MINI COUPE TUBE CUIVRE 16mm"},"content":{"rendered":"<p><strong>HKBRICOOL <\/strong>\u00a0vous propose une\u00a0<strong>COUPE TUBE MINI 3-16MM VIRAX<\/strong>, est un outil compact et l\u00e9ger con\u00e7u pour couper des tubes en cuivre de 3 \u00e0 16 mm de diam\u00e8tre. Le coupe-tube est \u00e9galement dot\u00e9 d\u2019un dispositif d\u2019\u00e9bavurage int\u00e9gr\u00e9 qui permet de lisser les bords coup\u00e9s.<\/p>\n<ul>\n<li><strong>\u00c9paisseur maxi : 2 mm.<\/strong><\/li>\n<li>Coupe-tube tr\u00e8s compact. Faible encombrement permettant de couper des tubes dans des endroits exigus : sous les lavabos, entre 2 tubes, le long d\u2019un mur.<\/li>\n<li>Pommeau de forme ovale : bonne prise en main et serrage optimum.<\/li>\n<li>Changement de molette rapide et sans outil.<\/li>\n<\/ul>\n","protected":false},"excerpt":{"rendered":"<p>HKBRICOOL \u00a0vous propose une\u00a0COUPE TUBE MINI 3-16MM VIRAX, est un outil compact et l\u00e9ger con\u00e7u pour couper des tubes en cuivre de 3 \u00e0 16 mm de diam\u00e8tre. Le coupe-tube est \u00e9galement dot\u00e9 d\u2019un dispositif d\u2019\u00e9bavurage int\u00e9gr\u00e9 qui permet de lisser les bords coup\u00e9s. \u00c9paisseur maxi : 2 mm. Coupe-tube tr\u00e8s compact. Faible encombrement permettant [&hellip;]<\/p>\n","protected":false},"featured_media":2176,"comment_status":"open","ping_status":"closed","template":"","meta":{"_uag_custom_page_level_css":""},"product_brand":[],"product_cat":[39],"product_tag":[],"class_list":{"0":"post-2168","1":"product","2":"type-product","3":"status-publish","4":"has-post-thumbnail","6":"product_cat-virax","8":"first","9":"instock","10":"sale","11":"shipping-taxable","12":"purchasable","13":"product-type-simple"},"aioseo_notices":[],"uagb_featured_image_src":{"full":["https:\/\/hkbricool.com\/wp-content\/uploads\/2024\/12\/VRX-2104-37-MINI-COUPE-TUBE-CUIVRE-16mm-eurl-hosna-kamel-algerie.jpg",512,512,false],"thumbnail":["https:\/\/hkbricool.com\/wp-content\/uploads\/2024\/12\/VRX-2104-37-MINI-COUPE-TUBE-CUIVRE-16mm-eurl-hosna-kamel-algerie-150x150.jpg",150,150,true],"medium":["https:\/\/hkbricool.com\/wp-content\/uploads\/2024\/12\/VRX-2104-37-MINI-COUPE-TUBE-CUIVRE-16mm-eurl-hosna-kamel-algerie-300x300.jpg",300,300,true],"medium_large":["https:\/\/hkbricool.com\/wp-content\/uploads\/2024\/12\/VRX-2104-37-MINI-COUPE-TUBE-CUIVRE-16mm-eurl-hosna-kamel-algerie.jpg",512,512,false],"large":["https:\/\/hkbricool.com\/wp-content\/uploads\/2024\/12\/VRX-2104-37-MINI-COUPE-TUBE-CUIVRE-16mm-eurl-hosna-kamel-algerie.jpg",512,512,false],"1536x1536":["https:\/\/hkbricool.com\/wp-content\/uploads\/2024\/12\/VRX-2104-37-MINI-COUPE-TUBE-CUIVRE-16mm-eurl-hosna-kamel-algerie.jpg",512,512,false],"2048x2048":["https:\/\/hkbricool.com\/wp-content\/uploads\/2024\/12\/VRX-2104-37-MINI-COUPE-TUBE-CUIVRE-16mm-eurl-hosna-kamel-algerie.jpg",512,512,false],"post-thumbnail":["https:\/\/hkbricool.com\/wp-content\/uploads\/2024\/12\/VRX-2104-37-MINI-COUPE-TUBE-CUIVRE-16mm-eurl-hosna-kamel-algerie.jpg",512,512,false],"hanout_item":["https:\/\/hkbricool.com\/wp-content\/uploads\/2024\/12\/VRX-2104-37-MINI-COUPE-TUBE-CUIVRE-16mm-eurl-hosna-kamel-algerie.jpg",512,512,false],"hanout_item_media_sm":["https:\/\/hkbricool.com\/wp-content\/uploads\/2024\/12\/VRX-2104-37-MINI-COUPE-TUBE-CUIVRE-16mm-eurl-hosna-kamel-algerie-90x90.jpg",90,90,true],"hanout_hero":["https:\/\/hkbricool.com\/wp-content\/uploads\/2024\/12\/VRX-2104-37-MINI-COUPE-TUBE-CUIVRE-16mm-eurl-hosna-kamel-algerie-512x300.jpg",512,300,true],"hanout_block_item_lg":["https:\/\/hkbricool.com\/wp-content\/uploads\/2024\/12\/VRX-2104-37-MINI-COUPE-TUBE-CUIVRE-16mm-eurl-hosna-kamel-algerie-512x510.jpg",512,510,true],"hanout_block_item_long":["https:\/\/hkbricool.com\/wp-content\/uploads\/2024\/12\/VRX-2104-37-MINI-COUPE-TUBE-CUIVRE-16mm-eurl-hosna-kamel-algerie-512x215.jpg",512,215,true],"hanout_block_item_md":["https:\/\/hkbricool.com\/wp-content\/uploads\/2024\/12\/VRX-2104-37-MINI-COUPE-TUBE-CUIVRE-16mm-eurl-hosna-kamel-algerie-512x345.jpg",512,345,true],"hanout_block_item_xl":["https:\/\/hkbricool.com\/wp-content\/uploads\/2024\/12\/VRX-2104-37-MINI-COUPE-TUBE-CUIVRE-16mm-eurl-hosna-kamel-algerie.jpg",512,512,false],"hanout_featgal_small_thumb":["https:\/\/hkbricool.com\/wp-content\/uploads\/2024\/12\/VRX-2104-37-MINI-COUPE-TUBE-CUIVRE-16mm-eurl-hosna-kamel-algerie-100x100.jpg",100,100,true],"woocommerce_thumbnail":["https:\/\/hkbricool.com\/wp-content\/uploads\/2024\/12\/VRX-2104-37-MINI-COUPE-TUBE-CUIVRE-16mm-eurl-hosna-kamel-algerie.jpg",512,512,false],"woocommerce_single":["https:\/\/hkbricool.com\/wp-content\/uploads\/2024\/12\/VRX-2104-37-MINI-COUPE-TUBE-CUIVRE-16mm-eurl-hosna-kamel-algerie.jpg",512,512,false],"woocommerce_gallery_thumbnail":["https:\/\/hkbricool.com\/wp-content\/uploads\/2024\/12\/VRX-2104-37-MINI-COUPE-TUBE-CUIVRE-16mm-eurl-hosna-kamel-algerie-160x160.jpg",160,160,true],"maxslider_slide":["https:\/\/hkbricool.com\/wp-content\/uploads\/2024\/12\/VRX-2104-37-MINI-COUPE-TUBE-CUIVRE-16mm-eurl-hosna-kamel-algerie-512x450.jpg",512,450,true]},"uagb_author_info":{"display_name":"khaledsed20@gmail.com","author_link":"https:\/\/hkbricool.com\/%d8%a7%d9%84%d8%b1%d8%a6%d9%8a%d8%b3%d9%8a%d8%a9\/shop\/author\/"},"uagb_comment_info":0,"uagb_excerpt":"HKBRICOOL \u00a0vous propose une\u00a0COUPE TUBE MINI 3-16MM VIRAX, est un outil compact et l\u00e9ger con\u00e7u pour couper des tubes en cuivre de 3 \u00e0 16 mm de diam\u00e8tre. Le coupe-tube est \u00e9galement dot\u00e9 d\u2019un dispositif d\u2019\u00e9bavurage int\u00e9gr\u00e9 qui permet de lisser les bords coup\u00e9s. \u00c9paisseur maxi : 2 mm. Coupe-tube tr\u00e8s compact. Faible encombrement permettant&hellip;","_links":{"self":[{"href":"https:\/\/hkbricool.com\/%d8%a7%d9%84%d8%b1%d8%a6%d9%8a%d8%b3%d9%8a%d8%a9\/shop\/wp-json\/wp\/v2\/product\/2168","targetHints":{"allow":["GET"]}}],"collection":[{"href":"https:\/\/hkbricool.com\/%d8%a7%d9%84%d8%b1%d8%a6%d9%8a%d8%b3%d9%8a%d8%a9\/shop\/wp-json\/wp\/v2\/product"}],"about":[{"href":"https:\/\/hkbricool.com\/%d8%a7%d9%84%d8%b1%d8%a6%d9%8a%d8%b3%d9%8a%d8%a9\/shop\/wp-json\/wp\/v2\/types\/product"}],"replies":[{"embeddable":true,"href":"https:\/\/hkbricool.com\/%d8%a7%d9%84%d8%b1%d8%a6%d9%8a%d8%b3%d9%8a%d8%a9\/shop\/wp-json\/wp\/v2\/comments?post=2168"}],"wp:featuredmedia":[{"embeddable":true,"href":"https:\/\/hkbricool.com\/%d8%a7%d9%84%d8%b1%d8%a6%d9%8a%d8%b3%d9%8a%d8%a9\/shop\/wp-json\/wp\/v2\/media\/2176"}],"wp:attachment":[{"href":"https:\/\/hkbricool.com\/%d8%a7%d9%84%d8%b1%d8%a6%d9%8a%d8%b3%d9%8a%d8%a9\/shop\/wp-json\/wp\/v2\/media?parent=2168"}],"wp:term":[{"taxonomy":"product_brand","embeddable":true,"href":"https:\/\/hkbricool.com\/%d8%a7%d9%84%d8%b1%d8%a6%d9%8a%d8%b3%d9%8a%d8%a9\/shop\/wp-json\/wp\/v2\/product_brand?post=2168"},{"taxonomy":"product_cat","embeddable":true,"href":"https:\/\/hkbricool.com\/%d8%a7%d9%84%d8%b1%d8%a6%d9%8a%d8%b3%d9%8a%d8%a9\/shop\/wp-json\/wp\/v2\/product_cat?post=2168"},{"taxonomy":"product_tag","embeddable":true,"href":"https:\/\/hkbricool.com\/%d8%a7%d9%84%d8%b1%d8%a6%d9%8a%d8%b3%d9%8a%d8%a9\/shop\/wp-json\/wp\/v2\/product_tag?post=2168"}],"curies":[{"name":"wp","href":"https:\/\/api.w.org\/{rel}","templated":true}]}}