{"id":2113,"date":"2024-12-07T08:00:41","date_gmt":"2024-12-07T08:00:41","guid":{"rendered":"https:\/\/hkbricool.com\/%d8%a7%d9%84%d8%b1%d8%a6%d9%8a%d8%b3%d9%8a%d8%a9\/?post_type=product&#038;p=2113"},"modified":"2024-12-15T09:24:33","modified_gmt":"2024-12-15T09:24:33","slug":"ventouse-a-pompe-200mm-topvei","status":"publish","type":"product","link":"https:\/\/hkbricool.com\/%d8%a7%d9%84%d8%b1%d8%a6%d9%8a%d8%b3%d9%8a%d8%a9\/shop\/product\/ventouse-a-pompe-200mm-topvei\/","title":{"rendered":"FA1002 VENTOUSE A POMPE 200MM TOPVEI"},"content":{"rendered":"<div class=\"container\">\n<div class=\"row justify-content-center\">\n<div class=\"col-12\">\n<div id=\"product-422\" class=\"product type-product post-422 status-publish first instock product_cat-topvei has-post-thumbnail sale shipping-taxable purchasable product-type-simple\">\n<div class=\"row\">\n<div class=\"col-lg-7 col-12 product-desc\">\n<div class=\"theiaStickySidebar\">\n<div class=\"entry-product-description\">\n<h4>\u00a0R\u00e9f\u00e9rence : FA1002<\/h4>\n<h4>\u00a0Description :<\/h4>\n<p><strong>HKBRICOOL <\/strong>\u00a0vous propose une\u00a0<strong>VENTOUSE A POMPE 200MM TOPVEI<\/strong>, avec pompe \u00e0 vide s\u2019adapte aux surfaces lisses et rugueuses, ainsi qu\u2019aux surfaces aux textures vari\u00e9es (structur\u00e9es). Le diam\u00e8tre de 20 cm de la ventouse avec pompe \u00e0 vide est parfait pour la manipulation de carreaux de grand format ou de plaques de c\u00e9ramique.<\/p>\n<h4>\u00a0Caract\u00e9ristiques et avantages :<\/h4>\n<ul>\n<li>La ventouse est tr\u00e8s r\u00e9sistants, utilis\u00e9e dans l\u2019industrielle et la construction.<\/li>\n<li>Avec poign\u00e9e pour levage lourd et remplacement de fen\u00eatre, capacit\u00e9 de charge de 180 kg.<\/li>\n<li>Patin en caoutchouc ultra r\u00e9sistant, l\u00e9ger solide et r\u00e9sistant \u00e0 la rouille.<\/li>\n<li>Rendre le levage des objets plus facile, plus s\u00fbr et plus efficace.<\/li>\n<li>Minimise le risque d\u2019endommagement des mat\u00e9riaux pr\u00e9cieux et maximise l\u2019efficacit\u00e9.<\/li>\n<li>Livr\u00e9 avec une mallette de transport.<\/li>\n<\/ul>\n<h5>Caract\u00e9ristiques et Utilisation :<\/h5>\n<ul>\n<li>Appuyez plusieurs fois sur la pompe \u00e0 main, jusqu\u2019\u00e0 ce que la ligne rouge soit masqu\u00e9e, le vide est suffisant pour soulever votre charge.<\/li>\n<li>V\u00e9rifiez fr\u00e9quemment la ligne rouge, pour vous assurer que la tasse reste solidement fix\u00e9e.<\/li>\n<li>Si la ligne rouge appara\u00eet pendant le levage, pompez \u00e0 nouveau le piston imm\u00e9diatement jusqu\u2019\u00e0 ce que la ligne rouge soit \u00e0 nouveau masqu\u00e9e.<\/li>\n<li>Placez la charge sur un support s\u00e9curis\u00e9.<\/li>\n<\/ul>\n<p>Appuyez sur le levier de d\u00e9verrouillage de la valve, la ligne rouge ressort pour la retirer.<\/p>\n<ul>\n<li>R\u00e9f\u00e9rence : HPS-001-002<\/li>\n<li>Diam\u00e8tre : 8\u2033 (20cm)<\/li>\n<li>Marque : TOPVEI.<\/li>\n<li>Type de poign\u00e9e : Horizontale<\/li>\n<li>Mati\u00e8re : plastique, caoutchouc<\/li>\n<li>Capacit\u00e9 de charge : 176 lb \u00e0 615 lb.<\/li>\n<\/ul>\n<\/div>\n<\/div>\n<\/div>\n<\/div>\n<\/div>\n<\/div>\n<\/div>\n<\/div>\n<div class=\"woocommerce-tabs-container\">\n<div class=\"container\">\n<div class=\"row\">\n<div class=\"col-12\">\n<div class=\"woocommerce-tabs wc-tabs-wrapper\">\n<div id=\"tab-reviews\" class=\"woocommerce-Tabs-panel woocommerce-Tabs-panel--reviews panel entry-content wc-tab\" role=\"tabpanel\" aria-labelledby=\"tab-title-reviews\">\n<div id=\"reviews\" class=\"woocommerce-Reviews\">\n<div id=\"review_form_wrapper\">\n<div id=\"review_form\">\n<div id=\"respond\" class=\"comment-respond\">\n<form id=\"commentform\" class=\"comment-form\" action=\"https:\/\/superbricool.shop\/wp-comments-post.php\" enctype=\"multipart\/form-data\" method=\"post\" novalidate=\"\">\n<p class=\"comment-form-author\">\n<\/form>\n<\/div>\n<\/div>\n<\/div>\n<div class=\"clear\"><\/div>\n<\/div>\n<\/div>\n<\/div>\n<\/div>\n<\/div>\n<\/div>\n<\/div>\n","protected":false},"excerpt":{"rendered":"<p>\u00a0R\u00e9f\u00e9rence : FA1002 \u00a0Description : HKBRICOOL \u00a0vous propose une\u00a0VENTOUSE A POMPE 200MM TOPVEI, avec pompe \u00e0 vide s\u2019adapte aux surfaces lisses et rugueuses, ainsi qu\u2019aux surfaces aux textures vari\u00e9es (structur\u00e9es). Le diam\u00e8tre de 20 cm de la ventouse avec pompe \u00e0 vide est parfait pour la manipulation de carreaux de grand format ou de plaques [&hellip;]<\/p>\n","protected":false},"featured_media":2117,"comment_status":"open","ping_status":"closed","template":"","meta":{"_uag_custom_page_level_css":""},"product_brand":[],"product_cat":[38],"product_tag":[],"class_list":{"0":"post-2113","1":"product","2":"type-product","3":"status-publish","4":"has-post-thumbnail","6":"product_cat-topvei","8":"first","9":"instock","10":"sale","11":"shipping-taxable","12":"purchasable","13":"product-type-simple"},"aioseo_notices":[],"uagb_featured_image_src":{"full":["https:\/\/hkbricool.com\/wp-content\/uploads\/2024\/12\/H952adeb8b7754d8a94f446a573e2b807V.jpg_720x720q50.avif",720,720,false],"thumbnail":["https:\/\/hkbricool.com\/wp-content\/uploads\/2024\/12\/H952adeb8b7754d8a94f446a573e2b807V.jpg_720x720q50-150x150.avif",150,150,true],"medium":["https:\/\/hkbricool.com\/wp-content\/uploads\/2024\/12\/H952adeb8b7754d8a94f446a573e2b807V.jpg_720x720q50-300x300.avif",300,300,true],"medium_large":["https:\/\/hkbricool.com\/wp-content\/uploads\/2024\/12\/H952adeb8b7754d8a94f446a573e2b807V.jpg_720x720q50.avif",720,720,false],"large":["https:\/\/hkbricool.com\/wp-content\/uploads\/2024\/12\/H952adeb8b7754d8a94f446a573e2b807V.jpg_720x720q50.avif",720,720,false],"1536x1536":["https:\/\/hkbricool.com\/wp-content\/uploads\/2024\/12\/H952adeb8b7754d8a94f446a573e2b807V.jpg_720x720q50.avif",720,720,false],"2048x2048":["https:\/\/hkbricool.com\/wp-content\/uploads\/2024\/12\/H952adeb8b7754d8a94f446a573e2b807V.jpg_720x720q50.avif",720,720,false],"post-thumbnail":["https:\/\/hkbricool.com\/wp-content\/uploads\/2024\/12\/H952adeb8b7754d8a94f446a573e2b807V.jpg_720x720q50-720x540.avif",720,540,true],"hanout_item":["https:\/\/hkbricool.com\/wp-content\/uploads\/2024\/12\/H952adeb8b7754d8a94f446a573e2b807V.jpg_720x720q50-630x630.avif",630,630,true],"hanout_item_media_sm":["https:\/\/hkbricool.com\/wp-content\/uploads\/2024\/12\/H952adeb8b7754d8a94f446a573e2b807V.jpg_720x720q50-90x90.avif",90,90,true],"hanout_hero":["https:\/\/hkbricool.com\/wp-content\/uploads\/2024\/12\/H952adeb8b7754d8a94f446a573e2b807V.jpg_720x720q50-720x300.avif",720,300,true],"hanout_block_item_lg":["https:\/\/hkbricool.com\/wp-content\/uploads\/2024\/12\/H952adeb8b7754d8a94f446a573e2b807V.jpg_720x720q50-720x510.avif",720,510,true],"hanout_block_item_long":["https:\/\/hkbricool.com\/wp-content\/uploads\/2024\/12\/H952adeb8b7754d8a94f446a573e2b807V.jpg_720x720q50-720x215.avif",720,215,true],"hanout_block_item_md":["https:\/\/hkbricool.com\/wp-content\/uploads\/2024\/12\/H952adeb8b7754d8a94f446a573e2b807V.jpg_720x720q50-630x345.avif",630,345,true],"hanout_block_item_xl":["https:\/\/hkbricool.com\/wp-content\/uploads\/2024\/12\/H952adeb8b7754d8a94f446a573e2b807V.jpg_720x720q50.avif",720,720,false],"hanout_featgal_small_thumb":["https:\/\/hkbricool.com\/wp-content\/uploads\/2024\/12\/H952adeb8b7754d8a94f446a573e2b807V.jpg_720x720q50-100x100.avif",100,100,true],"woocommerce_thumbnail":["https:\/\/hkbricool.com\/wp-content\/uploads\/2024\/12\/H952adeb8b7754d8a94f446a573e2b807V.jpg_720x720q50-630x630.avif",630,630,true],"woocommerce_single":["https:\/\/hkbricool.com\/wp-content\/uploads\/2024\/12\/H952adeb8b7754d8a94f446a573e2b807V.jpg_720x720q50-690x690.avif",690,690,true],"woocommerce_gallery_thumbnail":["https:\/\/hkbricool.com\/wp-content\/uploads\/2024\/12\/H952adeb8b7754d8a94f446a573e2b807V.jpg_720x720q50-160x160.avif",160,160,true],"maxslider_slide":["https:\/\/hkbricool.com\/wp-content\/uploads\/2024\/12\/H952adeb8b7754d8a94f446a573e2b807V.jpg_720x720q50-720x450.avif",720,450,true]},"uagb_author_info":{"display_name":"khaledsed20@gmail.com","author_link":"https:\/\/hkbricool.com\/%d8%a7%d9%84%d8%b1%d8%a6%d9%8a%d8%b3%d9%8a%d8%a9\/shop\/author\/"},"uagb_comment_info":0,"uagb_excerpt":"\u00a0R\u00e9f\u00e9rence : FA1002 \u00a0Description : HKBRICOOL \u00a0vous propose une\u00a0VENTOUSE A POMPE 200MM TOPVEI, avec pompe \u00e0 vide s\u2019adapte aux surfaces lisses et rugueuses, ainsi qu\u2019aux surfaces aux textures vari\u00e9es (structur\u00e9es). Le diam\u00e8tre de 20 cm de la ventouse avec pompe \u00e0 vide est parfait pour la manipulation de carreaux de grand format ou de plaques&hellip;","_links":{"self":[{"href":"https:\/\/hkbricool.com\/%d8%a7%d9%84%d8%b1%d8%a6%d9%8a%d8%b3%d9%8a%d8%a9\/shop\/wp-json\/wp\/v2\/product\/2113","targetHints":{"allow":["GET"]}}],"collection":[{"href":"https:\/\/hkbricool.com\/%d8%a7%d9%84%d8%b1%d8%a6%d9%8a%d8%b3%d9%8a%d8%a9\/shop\/wp-json\/wp\/v2\/product"}],"about":[{"href":"https:\/\/hkbricool.com\/%d8%a7%d9%84%d8%b1%d8%a6%d9%8a%d8%b3%d9%8a%d8%a9\/shop\/wp-json\/wp\/v2\/types\/product"}],"replies":[{"embeddable":true,"href":"https:\/\/hkbricool.com\/%d8%a7%d9%84%d8%b1%d8%a6%d9%8a%d8%b3%d9%8a%d8%a9\/shop\/wp-json\/wp\/v2\/comments?post=2113"}],"wp:featuredmedia":[{"embeddable":true,"href":"https:\/\/hkbricool.com\/%d8%a7%d9%84%d8%b1%d8%a6%d9%8a%d8%b3%d9%8a%d8%a9\/shop\/wp-json\/wp\/v2\/media\/2117"}],"wp:attachment":[{"href":"https:\/\/hkbricool.com\/%d8%a7%d9%84%d8%b1%d8%a6%d9%8a%d8%b3%d9%8a%d8%a9\/shop\/wp-json\/wp\/v2\/media?parent=2113"}],"wp:term":[{"taxonomy":"product_brand","embeddable":true,"href":"https:\/\/hkbricool.com\/%d8%a7%d9%84%d8%b1%d8%a6%d9%8a%d8%b3%d9%8a%d8%a9\/shop\/wp-json\/wp\/v2\/product_brand?post=2113"},{"taxonomy":"product_cat","embeddable":true,"href":"https:\/\/hkbricool.com\/%d8%a7%d9%84%d8%b1%d8%a6%d9%8a%d8%b3%d9%8a%d8%a9\/shop\/wp-json\/wp\/v2\/product_cat?post=2113"},{"taxonomy":"product_tag","embeddable":true,"href":"https:\/\/hkbricool.com\/%d8%a7%d9%84%d8%b1%d8%a6%d9%8a%d8%b3%d9%8a%d8%a9\/shop\/wp-json\/wp\/v2\/product_tag?post=2113"}],"curies":[{"name":"wp","href":"https:\/\/api.w.org\/{rel}","templated":true}]}}